on factor of 14150 and 25?
25
What is the highest common divisor of 9205446 and 438?
438
What is the highest common factor of 10701 and 6525?
261
What is the highest common divisor of 22 and 1902?
2
What is the highest common factor of 134090 and 990?
110
Calculate the highest common factor of 84 and 9268.
28
Calculate the greatest common factor of 21 and 231154.
7
What is the greatest common divisor of 116 and 635506?
58
What is the highest common factor of 6076 and 83390?
62
Calculate the greatest common factor of 157278 and 1122.
66
What is the greatest common factor of 176 and 1496?
88
What is the greatest common factor of 12749 and 2090?
209
Calculate the greatest common divisor of 3472 and 93.
31
Calculate the highest common divisor of 18549 and 243.
81
Calculate the greatest common factor of 621 and 13446.
27
What is the highest common factor of 191400 and 15?
15
What is the greatest common factor of 205545 and 75?
15
Calculate the highest common divisor of 876 and 5400.
12
What is the highest common divisor of 171614 and 742?
106
What is the greatest common divisor of 28516 and 152?
4
What is the greatest common factor of 58116 and 696?
348
What is the greatest common divisor of 11499087 and 591?
591
Calculate the highest common factor of 4004 and 128492.
364
What is the highest common divisor of 18640 and 80?
80
What is the greatest common divisor of 461565 and 540?
135
Calculate the greatest common factor of 565568 and 64.
64
Calculate the highest common factor of 1799 and 1062181.
257
What is the greatest common factor of 8 and 1202744?
8
What is the greatest common divisor of 807 and 12?
3
Calculate the greatest common factor of 256 and 23008.
32
What is the highest common divisor of 58510 and 10?
10
What is the greatest common divisor of 31 and 10447?
31
What is the greatest common divisor of 1456188 and 12?
12
Calculate the highest common divisor of 432 and 351184.
16
Calculate the greatest common factor of 575 and 45655.
115
What is the highest common factor of 32 and 1327616?
32
Calculate the greatest common divisor of 9779616 and 12.
12
What is the highest common divisor of 64799 and 301?
7
What is the highest common factor of 9639 and 45117?
81
Calculate the highest common divisor of 763357 and 10521.
1169
What is the greatest common factor of 123 and 234930?
123
Calculate the highest common factor of 221 and 121108.
221
Calculate the highest common divisor of 136218 and 1168.
146
What is the highest common factor of 42 and 12984?
6
Calculate the greatest common divisor of 640000 and 75.
25
Calculate the greatest common divisor of 209682 and 3530.
706
What is the greatest common factor of 363769 and 993?
331
What is the highest common factor of 2104 and 68?
4
Calculate the greatest common divisor of 7136 and 1184.
32
What is the greatest common divisor of 53 and 141828?
53
What is the greatest common factor of 17545 and 1305?
145
What is the greatest common divisor of 11032 and 56?
56
Calculate the highest common divisor of 14229 and 81.
27
What is the highest common divisor of 44 and 3217434?
22
Calculate the highest common factor of 104993 and 159.
53
Calculate the highest common divisor of 1911024 and 2208.
1104
Calculate the greatest common divisor of 666768 and 192.
48
Calculate the highest common divisor of 97 and 26869.
97
What is the highest common divisor of 2134 and 1499038?
194
What is the highest common factor of 13889 and 70907?
731
What is the greatest common factor of 54 and 102807?
9
What is the greatest common divisor of 13077 and 63?
9
What is the greatest common divisor of 871305 and 174?
87
Calculate the greatest common factor of 142690 and 19.
19
Calculate the highest common divisor of 47693 and 37.
37
Calculate the greatest common divisor of 110 and 104269.
11
What is the greatest common divisor of 674125 and 2125?
125
What is the greatest common factor of 309 and 1134648?
309
What is the greatest common factor of 40 and 22305?
5
Calculate the highest common factor of 126 and 6034.
14
What is the greatest common divisor of 372 and 6975?
93
What is the highest common factor of 26344 and 6512?
296
Calculate the greatest common divisor of 12974 and 3341.
13
What is the greatest common divisor of 308124 and 12?
12
What is the greatest common divisor of 8415261 and 8388?
2097
Calculate the highest common factor of 8778 and 52822.
154
What is the greatest common factor of 15916 and 7268?
92
Calculate the greatest common divisor of 49767 and 10329.
939
What is the greatest common factor of 305032 and 104?
104
Calculate the highest common divisor of 614852 and 1764.
196
Calculate the greatest common divisor of 289 and 16431673.
289
Calculate the greatest common factor of 53406 and 12.
6
What is the greatest common divisor of 1564 and 1139?
17
Calculate the greatest common factor of 8124 and 2400.
12
Calculate the highest common divisor of 864 and 222588.
108
What is the greatest common factor of 2776 and 112?
8
Calculate the highest common factor of 24 and 458108.
4
Calculate the highest common divisor of 18 and 148374.
18
What is the highest common divisor of 1051168 and 428?
428
Calculate the highest common divisor of 131588 and 8040.
268
Calculate the highest common factor of 232295 and 70.
35
What is the highest common divisor of 38004 and 36?
12
Calculate the highest common divisor of 530390 and 210.
70
Calculate the greatest common factor of 270 and 314955.
135
What is the highest common divisor of 18992 and 272?
16
What is the highest common divisor of 707 and 4256?
7
What is the highest common factor of 837 and 15066?
837
Calculate the highest common divisor of 101379 and 564.
141
What is the highest common factor of 30 and 307560?
30
What is the highest common factor of 651 and 483?
21
Calculate the greatest common factor of 2569637 and 129.
43
What is the highest common divisor of 1145117 and 9037?
1291
What is the highest common divisor of 27447 and 42?
21
What is the highest common factor of 130 and 516360?
130
Calculate the greatest common factor of 1190 and 300930.
70
What is the highest common factor of 38804 and 65148?
356
Calculate the greatest common divisor of 39 and 155090.
13
Calculate the highest common divisor of 18012 and 9519.
57
What is the highest common divisor of 519 and 182688?
519
What is the highest common factor of 917 and 14410?
131
Calculate the highest common factor of 22800 and 26424.
24
What is the highest common divisor of 19781 and 27633?
151
Calculate the greatest common factor of 96 and 2968.
8
Calculate the greatest common divisor of 665 and 58235.
95
Calculate the highest common factor of 161 and 495558.
161
What is the greatest common divisor of 624 and 260624?
208
What is the greatest common factor of 15390 and 101061?
513
Calculate the greatest common factor of 4117 and 391.
23
Calculate the greatest common divisor of 78 and 913926.
78
Calculate the highest common divisor of 5543 and 23.
23
Calculate the highest common divisor of 655 and 45457.
131
Calculate the highest common factor of 957 and 238931.
319
Calculate the greatest common factor of 55 and 47510.
5
Calculate the greatest common factor of 913 and 50713.
83
Calculate the greatest common factor of 2414 and 14314.
34
Calculate the greatest common divisor of 1099450 and 4400.
550
What is the greatest common divisor of 18 and 314991?
9
What is the greatest common divisor of 240064 and 13981?
341
What is the greatest common divisor of 1683 and 119?
17
Calculate the greatest common divisor of 187 and 153857.
11
Calculate the highest common factor of 80 and 6189080.
40
Calculate the greatest common divisor of 24764 and 29294.
302
Calculate the greatest common factor of 93 and 12902.
1
Calculate the greatest common factor of 296933 and 502.
251
Calculate the greatest common factor of 56 and 10827208.
56
What is the highest common factor of 3596465 and 31?
31
What is the highest common factor of 2460 and 498150?
1230
What is the greatest common factor of 921 and 3847017?
921
What is the greatest common factor of 54 and 301986?
18
What is the greatest common factor of 4347 and 9408?
21
What is the greatest common divisor of 3120 and 1404?
156
What is the greatest common divisor of 48303 and 216?
27
What is the